the remainder when 776 is divided by 386.
4
What is the remainder when 565 is divided by 81?
79
What is the remainder when 1486 is divided by 65?
56
What is the remainder when 133 is divided by 10?
3
What is the remainder when 788 is divided by 264?
260
What is the remainder when 4137 is divided by 9?
6
What is the remainder when 279 is divided by 16?
7
What is the remainder when 22 is divided by 6?
4
Calculate the remainder when 373 is divided by 27.
22
Calculate the remainder when 167 is divided by 57.
53
Calculate the remainder when 60 is divided by 16.
12
Calculate the remainder when 149 is divided by 35.
9
Calculate the remainder when 263 is divided by 53.
51
What is the remainder when 126 is divided by 12?
6
What is the remainder when 427 is divided by 43?
40
Calculate the remainder when 555 is divided by 53.
25
Calculate the remainder when 96 is divided by 3.
0
What is the remainder when 892 is divided by 146?
16
Calculate the remainder when 5399 is divided by 73.
70
Calculate the remainder when 15 is divided by 14.
1
What is the remainder when 178 is divided by 35?
3
What is the remainder when 282 is divided by 84?
30
What is the remainder when 1439 is divided by 242?
229
Calculate the remainder when 1418 is divided by 29.
26
Calculate the remainder when 285 is divided by 60.
45
Calculate the remainder when 745 is divided by 5.
0
Calculate the remainder when 227 is divided by 73.
8
What is the remainder when 682 is divided by 12?
10
What is the remainder when 8716 is divided by 16?
12
What is the remainder when 20225 is divided by 6?
5
Calculate the remainder when 124 is divided by 13.
7
What is the remainder when 58 is divided by 31?
27
What is the remainder when 8071 is divided by 8069?
2
Calculate the remainder when 2303 is divided by 25.
3
What is the remainder when 18791 is divided by 216?
215
What is the remainder when 16709 is divided by 274?
269
Calculate the remainder when 744 is divided by 192.
168
Calculate the remainder when 83 is divided by 10.
3
What is the remainder when 2351 is divided by 112?
111
What is the remainder when 2226 is divided by 122?
30
What is the remainder when 19 is divided by 13?
6
What is the remainder when 444 is divided by 387?
57
What is the remainder when 55 is divided by 4?
3
Calculate the remainder when 49 is divided by 14.
7
What is the remainder when 1799 is divided by 25?
24
What is the remainder when 1881 is divided by 12?
9
Calculate the remainder when 3323 is divided by 95.
93
What is the remainder when 228 is divided by 101?
26
What is the remainder when 246 is divided by 22?
4
What is the remainder when 198 is divided by 3?
0
Calculate the remainder when 857 is divided by 266.
59
Calculate the remainder when 71 is divided by 43.
28
What is the remainder when 503 is divided by 24?
23
Calculate the remainder when 1050 is divided by 81.
78
Calculate the remainder when 201 is divided by 51.
48
What is the remainder when 3220 is divided by 26?
22
What is the remainder when 10623 is divided by 46?
43
What is the remainder when 77 is divided by 26?
25
What is the remainder when 992 is divided by 330?
2
Calculate the remainder when 807 is divided by 320.
167
Calculate the remainder when 3266 is divided by 31.
11
What is the remainder when 880 is divided by 8?
0
What is the remainder when 120 is divided by 78?
42
Calculate the remainder when 292 is divided by 19.
7
What is the remainder when 220 is divided by 54?
4
Calculate the remainder when 111 is divided by 25.
11
Calculate the remainder when 1215 is divided by 42.
39
Calculate the remainder when 4406 is divided by 39.
38
Calculate the remainder when 4180 is divided by 51.
49
What is the remainder when 11 is divided by 7?
4
Calculate the remainder when 1485 is divided by 213.
207
Calculate the remainder when 155 is divided by 43.
26
Calculate the remainder when 3506 is divided by 108.
50
Calculate the remainder when 472 is divided by 138.
58
Calculate the remainder when 4251 is divided by 142.
133
What is the remainder when 67 is divided by 35?
32
What is the remainder when 375 is divided by 14?
11
What is the remainder when 2098 is divided by 10?
8
What is the remainder when 396 is divided by 21?
18
Calculate the remainder when 461 is divided by 119.
104
What is the remainder when 137 is divided by 49?
39
Calculate the remainder when 1063 is divided by 13.
10
Calculate the remainder when 2148 is divided by 65.
3
What is the remainder when 1889 is divided by 54?
53
Calculate the remainder when 521 is divided by 58.
57
Calculate the remainder when 118 is divided by 18.
10
What is the remainder when 179 is divided by 9?
8
Calculate the remainder when 230 is divided by 216.
14
Calculate the remainder when 27 is divided by 10.
7
What is the remainder when 655 is divided by 166?
157
What is the remainder when 27 is divided by 20?
7
What is the remainder when 5942 is divided by 238?
230
What is the remainder when 186 is divided by 15?
6
Calculate the remainder when 282 is divided by 13.
9
What is the remainder when 463 is divided by 9?
4
What is the remainder when 1297 is divided by 450?
397
What is the remainder when 3886 is divided by 18?
16
What is the remainder when 104 is divided by 18?
14
What is the remainder when 257 is divided by 6?
5
What is the remainder when 249 is divided by 7?
4
Calculate the remainder when 241 is divided by 44.
21
What is the remainder when 2099 is divided by 105?
104
What is the remainder when 1404 is divided by 689?
26
What is the remainder when 112 is divided by 20?
12
Calculate the remainder when 15309 is divided by 29.
26
Calculate the remainder when 23 is divided by 7.
2
What is the remainder when 671 is divided by 56?
55
Calculate the remainder when 248 is divided by 59.
12
What is the remainder when 207 is divided by 52?
51
What is the remainder when 913 is divided by 7?
3
Calculate the remainder when 701 is divided by 39.
38
What is the remainder when 303 is divided by 58?
13
Calculate the remainder when 2484 is divided by 12.
0
Calculate the remainder when 71 is divided by 46.
25
What is the remainder when 1858 is divided by 26?
12
What is the remainder when 163 is divided by 10?
3
What is the remainder when 1035 is divided by 209?
199
Calculate the remainder when 42 is divided by 23.
19
Calculate the remainder when 1189 is divided by 119.
118
Calculate the remainder when 178 is divided by 28.
10
What is the remainder when 587 is divided by 98?
97
What is the remainder when 80 is divided by 22?
14
What is the remainder when 1546 is divided by 17?
16
What is the remainder when 682 is divided by 47?
24
What is the remainder when 5480 is divided by 7?
6
What is the remainder when 116 is divided by 6?
2
What is the remainder when 70 is divided by 18?
16
Calculate the remainder when 337 is divided by 92.
61
Calculate the remainder when 3727 is divided by 3719.
8
What is the remainder when 1670 is divided by 129?
122
Calculate the remainder when 8134 is divided by 72.
70
What is the remainder when 147 is divided by 37?
36
What is the remainder when 153 is divided by 122?
31
Calculate the remainder when 167 is divided by 22.
13
What is the remainder when 195 is divided by 69?
57
What is the remainder when 115 is divided by 15?
10
Calculate the remainder when 176 is divided by 92.
84
Calculate the remainder when 117 is divided by 12.
9
Calculate the remainder when 6362 is divided by 148.
146
What is the remainder when 644 is divided by 162?
158
Calculate the remainder when 461 is divided by 25.
11
What is the remainder when 1088 is divided by 361?
5
Calculate the remainder when 559 is divided by 74.
41
What is the remainder when 1413 is divided by 90?
63
What is the remainder when 3372 is divided by 15?
12
What is the remainder when 544 is divided by 13?
11
What is the remainder when 179 is divided by 14?
11
What is the remainder when 1264 is divided by 115?
114
What is the remainder when 118 is divided by 23?
3
Calculate the remainder when 286 is divided by 249.
37
What is the remainder when 30 is divided by 6?
0
What is the remainder when 14024 is divided by 11?
10
What is the remainder when 340 is divided by 36?
16
What is the remainder when 10184 is divided by 35?
34
Calculate the remainder when 148 is div